ivative of c**4/6 + 5*c**3/6 + 2*c**2 - 13*c. Let z be v(-6). Let y = -43 + z. List the prime factors of y.
3
Let a be 1*((-8)/4 + 1) - -3. Suppose -3*f = -a*f + 5, u - 4*f = 1198. List the prime factors of u.
2, 19, 31
Let p be 5 - 6/8 - 4/16. Suppose 0*o - 52 = 2*o. What are the prime factors of (-2197)/o + (-2)/p?
2, 3, 7
Let b(l) = 26*l**2 + 1250*l + 21. List the prime factors of b(-53).
5, 1361
Let s be (3 - 17487/12)/((-6)/16). Let i be s/(-28)*4/(-2). Suppose c + i = 2*a, -13*a + 280 = -11*a - 4*c. List the prime factors of a.
2, 3, 23
What are the prime factors of (524/(-786) - -6*1)*(-2469)/(-2)?
2, 823
Let r(i) = 180*i**2 + 1 - 5 + 2 + 5*i + 357*i**2 + 0*i. List the prime factors of r(1).
2, 3, 5
Suppose 5*t - 15 = 2*t, 24819 = 2*w + 3*t. List the prime factors of w.
2, 3, 13, 53
Suppose -11*h + 41 - 8 = 0. What are the prime factors of 142 + 16/(-2) + h?
137
Suppose 0 = 585*j - 555*j - 198123 - 20067. List the prime factors of j.
7, 1039
Let h = -296 + 319. Suppose h*x + 4*p - 3362 = 18*x, 15 = 5*p. What are the prime factors of x?
2, 5, 67
Let y be 2*((-741)/6 - 4). What are the prime factors of 34/y + (-16234)/(-30)?
541
Let f be (412/(-1))/2 + (-6)/(-2). Let d = 527 + f. List the prime factors of d.
2, 3
Let o = 120 - 118. List the prime factors of (-1169)/(-3) - o/(-6).
2, 3, 5, 13
Let d = 465 + 31. Let l = 1397 - d. List the prime factors of l.
17, 53
Suppose -752 = 4*i + 3*q, 4*i = 4*q - 0*q - 780. Let t = 324 + i. List the prime factors of t.
7, 19
Let y = -38926 + 66039. List the prime factors of y.
19, 1427
Let j be 1460*12/(11/2 + -4). Suppose 10*a + 10*a - j = 0. What are the prime factors of a?
2, 73
Let q(s) = -s**2 + 5*s + 2. Let h be q(0). What are the prime factors of h/5 + 1241*21/35?
5, 149
Suppose 17*c - 358943 = -58332. What are the prime factors of c?
17683
Let k(h) = h**2 + h - 1. Let c(j) = -3*j**2 - 4*j - 3. Let a(g) = -g - 6. Let w be a(-4). Let m(x) = w*k(x) - c(x). List the prime factors of m(5).
2, 5
Let w be (546/(-133) - -4) + 4/38. Suppose -2*p + 1032 = -0*p - 4*s, w = -2*s. List the prime factors of p.
2, 3, 43
Suppose 94258*r + 33414 = 94264*r. What are the prime factors of r?
5569
Suppose 2942 = 8*h - 51794. What are the prime factors of h?
2, 11, 311
Let a(w) = 19*w - 5. Let b be a(-1). Let o be (-16)/b*(1 - -38). Suppose -3*k + o = 2*d, 4 = -0*k + k. What are the prime factors of d?
7
Let z = 109 - 77. Suppose -3*k + 3*i = -12, z = -2*k - 5*i + 5. What are the prime factors of (k - (2 - 4))*42?
2, 3, 7
Let b = -65901 - -92890. List the prime factors of b.
137, 197
Suppose -35*l + 68797 = 18148 - 206146. What are the prime factors of l?
11, 23, 29
Suppose -4*l = 2*f - 20 - 36, l + 4*f - 7 = 0. Suppose 0 = -4*j + l - 3. Suppose 0 = -j*h - 3, -4*t - 2*h + 3*h = -549. What are the prime factors of t?
137
Let p(k) = k**2 - 29*k + 122. Let z be p(24). Let h(u) be the first derivative of 11*u**4/2 - 7*u**3/3 + 2*u - 1. List the prime factors of h(z).
2, 3, 5
Suppose -5*a + 5*m = -7*a - 116, 4*m = -4*a - 208. List the prime factors of (-14048)/a - 1*2/(-6).
293
Suppose -7*q - 12 = -348. Suppose 75*l - 79*l + q = 0. What are the prime factors of l?
2, 3
What are the prime factors of 21611 + 7 + 2/1 + 7?
3, 89
Let o(l) = 4*l + 13. Suppose 2*h = 12 - 16. Let t be o(h). Suppose -2*f - t*g = -117 + 3, 39 = f - 2*g. What are the prime factors of f?
47
Let r(k) = 96*k**2 + 27*k + 5. Let a(y) = -32*y**2 - 9*y - 2. Let f = -55 - -53. Let i(x) = f*r(x) - 7*a(x). List the prime factors of i(-2).
2, 3, 19
Suppose 0*g = -60*g + 376020. What are the prime factors of g?
3, 2089
Let f(z) = -33*z + 24. Let r(s) = -s**3 + s + 3. Suppose -5*a = 13 - 23. Let o be r(a). What are the prime factors of f(o)?
3, 41
Let m = -39 - 1. Let h = 35 + m. What are the prime factors of (h + 3)/((-2)/68)?
2, 17
Suppose 1796 + 708 = 2*d. Suppose 3*g = 2*p + d, 3*p - p = 5*g - 2088. Suppose 224 = 3*z + 3*n - g, -4*z - 5*n + 853 = 0. List the prime factors of z.
7, 31
Let i = 59080 - 38324. What are the prime factors of i?
2, 5189
Let t(c) = c - 16. Let x be t(20). Let k be (1/(-1))/((-5 + x)/(-1)). What are the prime factors of (43 + 1)*k/(-4)*2?
2, 11
List the prime factors of 1 + -1 + (15456 + 1 - (-124)/(-31)).
3, 17, 101
List the prime factors of 362*(-16)/(-32)*281.
181, 281
Suppose -5*i = -3*d - 13, 10 = 5*d + 2*i - 4*i. Let p be 44/12 - (-40)/(-60). Suppose 0 = d*n - 3*l - 585, p*l = n - l - 156. List the prime factors of n.
2, 3
Let a = 401 + -200. Suppose 5*f = 4*s + 498, -f + s + a = f. Let g = -74 + f. List the prime factors of g.
2, 7
Let a(p) = 714*p + 152. List the prime factors of a(4).
2, 47
Let z(r) = 15*r**3 - 8*r**2 - 4*r + 19. Let j be ((-24)/6)/(28/(-21)). What are the prime factors of z(j)?
2, 5, 17
Suppose 21*t - 13*t - 24 = 0. Suppose t*v - 1124 = 1216. Suppose -5*k = -5*i - v, 0*k - i + 156 = k. What are the prime factors of k?
2, 3, 13
Let o(y) = -12 + 2*y**2 - 16*y + 4 + 8. Let h be o(8). List the prime factors of h/((-8)/(-8)) - (-206 + 1).
5, 41
Suppose -19*m = 118293 - 197549 - 292422. What are the prime factors of m?
2, 9781
Let o = -30485 - -51090. List the prime factors of o.
5, 13, 317
Let j(b) = -42*b + 8. Let q be j(-5). Suppose 5*s - 287 = h, 4*s - 3*h + 8*h - q = 0. Suppose 7*l = s + 237. What are the prime factors of l?
2, 3, 7
Let m(p) = 136*p**2 - 64*p + 355. What are the prime factors of m(6)?
31, 157
Let f(q) = -3*q - 2. Let a be f(-2). Suppose 281 = a*n + 57. Suppose 11*d = n + 131. List the prime factors of d.
17
Let z(l) = 19 - 2*l - l + 113. Suppose 0 = 6*u + 575 - 575. List the prime factors of z(u).
2, 3, 11
Let h be 2/(-5) + 39/(-15). Let t = 841 + -886. Let w = h - t. What are the prime factors of w?
2, 3, 7
Let y = -223304 - -321519. What are the prime factors of y?
5, 13, 1511
Suppose 654 = 203*h - 205*h. Let t = 545 + h. What are the prime factors of t?
2, 109
What are the prime factors of (3/(-9) - 0)/1 - 1376895/(-117)?
2, 1471
Suppose 58*d - 22 = 47*d. Suppose -2*w = d*r - 312, r + 347 = 4*w - 252. What are the prime factors of w?
151
Suppose 504*q - 505*q + 412 = 0. Suppose 2*k + 3*i - 682 = q, -2*i + 2196 = 4*k. List the prime factors of k.
2, 5, 11
What are the prime factors of 36/(-78) - (-31872247)/403?
79087
Let j(d) = 2*d + 28. Let s be j(-12). Let h be (-2)/((16/20)/s). What are the prime factors of (-2236)/(-65) + (-6)/h?
5, 7
Suppose 1943 = -2*i + 5*c, 4*i - c = 6*i + 1961. Let z = -360 - i. What are the prime factors of z?
619
Suppose -8*m - 6888 = -3*v - 3*m, 0 = m. List the prime factors of 6 - 80/15 - v/(-3).
2, 383
Let d be (8/10)/(112/25480). Let s = d - -312. What are the prime factors of s?
2, 13, 19
Let s be ((-64)/40)/((-8)/1180). Suppose 1086 = 3*u - a, 2*u - s = -3*a + 488. What are the prime factors of u?
2, 181
Let b(x) = -4*x**2 - 250*x + 248. What are the prime factors of b(-61)?
2, 307
Let k(t) = -6*t - 7. Let q be k(-2). Suppose -4*a + q = -27. What are the prime factors of (a/(-16) - -1)*182*1?
7, 13
Let c(u) = -50*u - 1343. What are the prime factors of c(-85)?
3, 17, 19
Let j be -113 + 0 + 49 + -54. What are the prime factors of (-42)/12*j/7?
59
Let u be -1 - ((-1324)/(-30) - (-8)/(-60)). What are the prime factors of (-8184)/u - (-5)/(-225)*-6?
2, 7, 13
Suppose 0 = 5*t + 3*c - 14667, -961 - 1975 = -t + 2*c. What are the prime factors of t?
2, 3, 163
Let t(m) = -5*m**3 + 12*m**2 - 7*m - 23. Let y(f) = 9*f**3 - 23*f**2 + 12*f + 45. Let q(h) = 5*t(h) + 3*y(h). List the prime factors of q(7).
2, 17
Let v(z) = -12*z - 203. Let f be v(-7). Let l = 65 - f. List the prime factors of l.
2, 23
Let n(c) = -c**3 + 25*c**2 + 37*c + 12. List the prime factors of n(17).
2953
Let f(j) = 259 - 630 + 37*j + 258. What are the prime factors of f(8)?
3, 61
Let p = 109 + -112. Let c be (-4)/(-12)*p - (204 - 0). Let z = c + 375. What are the prime factors of z?
2, 5, 17
Suppose -23894 = -12*a - 338. Suppose -2*o = -a + 425. List the prime factors of o.
769
Let o(c) = 28*c - 95. Let w be o(-20). Let u = w - -1298. List the prime factors of u.
643
Let f be (-6 - 1)*(4 - 36). Suppose 17*v = 13*v - f. What are the prime factors of (-4)/(-14) + (-4016)/v?
2, 3
Let u be (-7 + 5)/2*103. Let i = u - -95. What are the prime factors of i/10 - ((-7254)/10)/3?
241
List the prime fact